{"id":42754,"date":"2025-12-10T07:56:55","date_gmt":"2025-12-10T07:56:55","guid":{"rendered":"https:\/\/picci.biz\/?post_type=product&#038;p=42754"},"modified":"2026-03-31T06:23:24","modified_gmt":"2026-03-31T06:23:24","slug":"lettino-orsetto-balu-cm-125-x-60-x-h-12","status":"publish","type":"product","link":"https:\/\/picci.biz\/index.php\/prodotto\/lettino-orsetto-balu-cm-125-x-60-x-h-12\/","title":{"rendered":"Lettino Teddy Bianco con sponde bianche e decoro tortora &#8211; cm 130 x 71 x h 107"},"content":{"rendered":"<p><span style=\"font-weight: 400;\">La <strong>cameretta Teddy<\/strong> \u00e8 composta da lettino, fasciatoio, com\u00f2, settimino e armadio ed \u00e8 pensata per creare uno spazio dolce e accogliente dedicato al bambino.<\/span><span style=\"font-weight: 400;\"><br \/>\n<\/span><span style=\"font-weight: 400;\">Il design, dalle linee semplici e tradizionali, \u00e8 impreziosito dal tenero decoro dell\u2019orsetto con cuoricini, un dettaglio delicato che dona all\u2019ambiente un\u2019atmosfera calda e armoniosa.<\/span><\/p>\n<p><span style=\"font-weight: 400;\">Il lettino Teddy, in finitura bianca, \u00e8 disponibile con sponde in tinta oppure in faggio ed \u00e8 arricchito da un pannello decorato con orsetto e cuoricini, in perfetta continuit\u00e0 con lo stile della collezione.<br \/>\n<\/span>Progettato per garantire comfort e praticit\u00e0, \u00e8 dotato di rete regolabile in altezza e di sponda abbassabile, facilmente posizionabile sotto la rete. Inoltre, pu\u00f2 essere affiancato al letto dei genitori, consentendo la funzione co-sleeping e favorendo il contatto tra mamma e bambino durante la notte, in totale sicurezza.<\/p>\n<table id=\"product-attribute-specs-table\" class=\"data-table\">\n<tbody>\n<tr class=\"first odd\">\n<th class=\"label\">Collezione<\/th>\n<td class=\"data last\">Teddy<\/td>\n<\/tr>\n<tr class=\"even\">\n<th class=\"label\">Colore<\/th>\n<td class=\"data last\">Bianco con sponde bianche e decoro color tortora<\/td>\n<\/tr>\n<tr class=\"odd\">\n<th class=\"label\">Dimensioni<\/th>\n<td class=\"data last\">cm 130 x 71 x h 107<\/td>\n<\/tr>\n<\/tbody>\n<\/table>\n<p>&nbsp;<\/p>\n<div style=\"margin: 20px 0;\"><div class=\"qrcswholewtapper\" style=\"text-align:left;\"><div class=\"qrcprowrapper\"  id=\"qrcwraa2leds\"><div class=\"qrc_canvass\" id=\"qrc_cuttenpages_2\" style=\"display:inline-block\" data-text=\"https:\/\/picci.biz\/index.php\/prodotto\/lettino-orsetto-balu-cm-125-x-60-x-h-12\/\"><\/div><\/div><\/div><\/div>","protected":false},"excerpt":{"rendered":"<p>La cameretta Teddy \u00e8 composta da lettino, fasciatoio, com\u00f2, settimino e armadio ed \u00e8 pensata per creare uno spazio dolce e accogliente dedicato al bambino. Il design, dalle linee semplici e tradizionali, \u00e8 impreziosito dal tenero decoro dell\u2019orsetto con cuoricini, un dettaglio delicato che dona all\u2019ambiente un\u2019atmosfera calda e armoniosa. Il lettino Teddy, in finitura&hellip;&nbsp;<\/p>\n","protected":false},"featured_media":44723,"template":"","meta":{"neve_meta_sidebar":"","neve_meta_container":"","neve_meta_enable_content_width":"off","neve_meta_content_width":100,"neve_meta_title_alignment":"","neve_meta_author_avatar":"","neve_post_elements_order":"","neve_meta_disable_header":"","neve_meta_disable_footer":"","neve_meta_disable_title":""},"product_brand":[],"product_cat":[113,114],"product_tag":[175],"class_list":{"0":"post-42754","1":"product","2":"type-product","3":"status-publish","4":"has-post-thumbnail","6":"product_cat-letti","7":"product_cat-letti-regular","8":"product_tag-teddy","10":"first","11":"instock","12":"taxable","13":"shipping-taxable","14":"product-type-simple"},"_links":{"self":[{"href":"https:\/\/picci.biz\/index.php\/wp-json\/wp\/v2\/product\/42754","targetHints":{"allow":["GET"]}}],"collection":[{"href":"https:\/\/picci.biz\/index.php\/wp-json\/wp\/v2\/product"}],"about":[{"href":"https:\/\/picci.biz\/index.php\/wp-json\/wp\/v2\/types\/product"}],"wp:featuredmedia":[{"embeddable":true,"href":"https:\/\/picci.biz\/index.php\/wp-json\/wp\/v2\/media\/44723"}],"wp:attachment":[{"href":"https:\/\/picci.biz\/index.php\/wp-json\/wp\/v2\/media?parent=42754"}],"wp:term":[{"taxonomy":"product_brand","embeddable":true,"href":"https:\/\/picci.biz\/index.php\/wp-json\/wp\/v2\/product_brand?post=42754"},{"taxonomy":"product_cat","embeddable":true,"href":"https:\/\/picci.biz\/index.php\/wp-json\/wp\/v2\/product_cat?post=42754"},{"taxonomy":"product_tag","embeddable":true,"href":"https:\/\/picci.biz\/index.php\/wp-json\/wp\/v2\/product_tag?post=42754"}],"curies":[{"name":"wp","href":"https:\/\/api.w.org\/{rel}","templated":true}]}}